{"id":132,"date":"2025-03-18T13:04:28","date_gmt":"2025-03-18T13:04:28","guid":{"rendered":"http:\/\/www.canerteknikservis.com.tr\/?page_id=132"},"modified":"2026-02-27T07:34:24","modified_gmt":"2026-02-27T07:34:24","slug":"destek-aldigimiz-master-yayincilik-calismalari-asagidadir","status":"publish","type":"page","link":"http:\/\/www.canerteknikservis.com.tr\/?page_id=132","title":{"rendered":"Destek Ald\u0131\u011f\u0131m\u0131z Master Yay\u0131nc\u0131l\u0131k \u00c7al\u0131\u015fmalar\u0131 A\u015fa\u011f\u0131dad\u0131r."},"content":{"rendered":"\n<p><strong>Master Yay\u0131nc\u0131l\u0131k ve&nbsp;Bilgisayar&nbsp;Olarak, Bili\u015fim Hizmetleri Verdi\u011fimiz firmalar:<\/strong><\/p>\n\n\n\n<p><a href=\"https:\/\/www.erenisikarasu.com.tr\/\" target=\"_blank\" rel=\"noreferrer noopener\">https:\/\/www.erenisikarasu.com.tr<\/a><br><a href=\"http:\/\/www.erenisi.com.tr\/\" target=\"_blank\" rel=\"noreferrer noopener\">http:\/\/www.erenisi.com.tr<\/a><br><a href=\"http:\/\/www.dishekimiburcinguler.com.tr\/\" target=\"_blank\" rel=\"noreferrer noopener\">http:\/\/www.dishekimiburcinguler.com.tr<\/a><br><a href=\"http:\/\/www.ustunhaliyikama.com.tr\/\" target=\"_blank\" rel=\"noreferrer noopener\">http:\/\/www.ustunhaliyikama.com.tr<\/a><br><a href=\"http:\/\/www.kobidunyasi.com.tr\/\" target=\"_blank\" rel=\"noreferrer noopener\">http:\/\/www.kobidunyasi.com.tr<\/a><br><a href=\"http:\/\/www.kobidunyasi.com\/\" target=\"_blank\" rel=\"noreferrer noopener\">http:\/\/www.kobidunyasi.com<\/a><br><a href=\"http:\/\/www.artvinsaricayirballari.com.tr\/\" target=\"_blank\" rel=\"noreferrer noopener\">http:\/\/www.artvinsaricayirballari.com.tr<\/a><br><a href=\"http:\/\/www.canerteknikservis.com.tr\/\" target=\"_blank\" rel=\"noreferrer noopener\">http:\/\/www.canerteknikservis.com.tr<\/a><br><a href=\"http:\/\/www.namikoze.com.tr\/\" target=\"_blank\" rel=\"noreferrer noopener\">http:\/\/www.namikoze.com.tr<\/a><br><a href=\"https:\/\/www.masteryayincilik.com.tr\/\" target=\"_blank\" rel=\"noreferrer noopener\">https:\/\/www.masteryayincilik.com.tr<\/a><br><a href=\"https:\/\/www.masterbilgisayar.com\/\" target=\"_blank\" rel=\"noreferrer noopener\">https:\/\/www.masterbilgisayar.com<\/a><br><a href=\"http:\/\/www.masterbilgisayar.com.tr\/\" target=\"_blank\" rel=\"noreferrer noopener\">http:\/\/www.masterbilgisayar.com.tr<\/a><br><a href=\"http:\/\/www.karasubilgisayar.com.tr\/\" target=\"_blank\" rel=\"noreferrer noopener\">http:\/\/www.karasubilgisayar.com.tr<\/a><br><a href=\"http:\/\/www.karasutelefon.com.tr\/\" target=\"_blank\" rel=\"noreferrer noopener\">http:\/\/www.karasutelefon.com.tr<\/a><\/p>\n\n\n\n<p><strong>Ortak \u00c7al\u0131\u015fma Yapt\u0131\u011f\u0131m\u0131z Sosyal Medyalar\u0131m\u0131z:<br><\/strong><a href=\"https:\/\/www.facebook.com\/sakaryatelevizyonhttps:\/\/www.instagram.com\/sakaryatelevizyon\/https:\/\/www.facebook.com\/karasutelevizyonuhttps:\/\/www.instagram.com\/karasutelevizyonu\/https:\/\/www.twitter.com\/karasuportalhttps:\/\/www.linkedin.com\/in\/erdalozerhttps:\/\/www.medyabar.com\/https:\/\/www.sakaryakuzey.com\/https:\/\/www.karasuhaberleri.com\/\">https:\/\/www.facebook.com\/sakaryatelevizyon<br>https:\/\/www.instagram.com\/sakaryatelevizyon\/<br>https:\/\/www.facebook.com\/karasutelevizyonu<br>https:\/\/www.instagram.com\/karasutelevizyonu\/<br>https:\/\/www.twitter.com\/karasuportal<br>https:\/\/www.linkedin.com\/in\/erdalozer<br>https:\/\/www.medyabar.com\/<br>https:\/\/www.sakaryakuzey.com\/<br>https:\/\/www.karasuhaberleri.com\/<\/a><\/p>\n","protected":false},"excerpt":{"rendered":"<p>Master Yay\u0131nc\u0131l\u0131k ve&nbsp;Bilgisayar&nbsp;Olarak, Bili\u015fim Hizmetleri Verdi\u011fimiz firmalar: https:\/\/www.erenisikarasu.com.trhttp:\/\/www.erenisi.com.trhttp:\/\/www.dishekimiburcinguler.com.trhttp:\/\/www.ustunhaliyikama.com.trhttp:\/\/www.kobidunyasi.com.trhttp:\/\/www.kobidunyasi.comhttp:\/\/www.artvinsaricayirballari.com.trhttp:\/\/www.canerteknikservis.com.trhttp:\/\/www.namikoze.com.trhttps:\/\/www.masteryayincilik.com.trhttps:\/\/www.masterbilgisayar.comhttp:\/\/www.masterbilgisayar.com.trhttp:\/\/www.karasubilgisayar.com.trhttp:\/\/www.karasutelefon.com.tr Ortak \u00c7al\u0131\u015fma Yapt\u0131\u011f\u0131m\u0131z Sosyal Medyalar\u0131m\u0131z:https:\/\/www.facebook.com\/sakaryatelevizyonhttps:\/\/www.instagram.com\/sakaryatelevizyon\/https:\/\/www.facebook.com\/karasutelevizyonuhttps:\/\/www.instagram.com\/karasutelevizyonu\/https:\/\/www.twitter.com\/karasuportalhttps:\/\/www.linkedin.com\/in\/erdalozerhttps:\/\/www.medyabar.com\/https:\/\/www.sakaryakuzey.com\/https:\/\/www.karasuhaberleri.com\/<\/p>\n","protected":false},"author":1,"featured_media":0,"parent":0,"menu_order":0,"comment_status":"closed","ping_status":"closed","template":"","meta":{"footnotes":""},"_links":{"self":[{"href":"http:\/\/www.canerteknikservis.com.tr\/index.php?rest_route=\/wp\/v2\/pages\/132"}],"collection":[{"href":"http:\/\/www.canerteknikservis.com.tr\/index.php?rest_route=\/wp\/v2\/pages"}],"about":[{"href":"http:\/\/www.canerteknikservis.com.tr\/index.php?rest_route=\/wp\/v2\/types\/page"}],"author":[{"embeddable":true,"href":"http:\/\/www.canerteknikservis.com.tr\/index.php?rest_route=\/wp\/v2\/users\/1"}],"replies":[{"embeddable":true,"href":"http:\/\/www.canerteknikservis.com.tr\/index.php?rest_route=%2Fwp%2Fv2%2Fcomments&post=132"}],"version-history":[{"count":2,"href":"http:\/\/www.canerteknikservis.com.tr\/index.php?rest_route=\/wp\/v2\/pages\/132\/revisions"}],"predecessor-version":[{"id":153,"href":"http:\/\/www.canerteknikservis.com.tr\/index.php?rest_route=\/wp\/v2\/pages\/132\/revisions\/153"}],"wp:attachment":[{"href":"http:\/\/www.canerteknikservis.com.tr\/index.php?rest_route=%2Fwp%2Fv2%2Fmedia&parent=132"}],"curies":[{"name":"wp","href":"https:\/\/api.w.org\/{rel}","templated":true}]}}